25 = -5*d + 5, 2*t - 2*d = 12. Let s be (-1 - -2)*360/12. What is the highest common factor of s and t?
10
Let z = -6 + 3. Let n be 2 + (15/z - -1). Let k be n/3 + 32/3. Calculate the greatest common divisor of 10 and k.
10
Suppose -2*d - d = -90. Let m be d/8 + 3/(-4). Let i = m - -6. What is the highest common factor of i and 81?
9
Let j be 78/5 + (-18)/30. Calculate the greatest common divisor of 165 and j.
15
Let z = -4 - -7. Let j be -3 + z - 4/(-2). Calculate the greatest common divisor of 4 and j.
2
Let i = 23 + 1. Suppose r + i = 2*r. Let l(k) = k**3 + 6*k**2 - k. Let f be l(-4). What is the highest common divisor of f and r?
12
Suppose 0*k = -k + 5*f + 265, 2*k - 2*f - 546 = 0. Suppose 84*y - 21*y - 1575 = 0. Calculate the greatest common factor of k and y.
25
Suppose -77 - 8 = -5*x. What is the greatest common divisor of x and 187?
17
Suppose -q + 7 = f, -9*f = 3*q - 11*f - 11. Let y(w) = w + 4. Let u be y(6). What is the greatest common divisor of u and q?
5
Suppose 0 = -0*g + 5*g - 25. Let i = 0 + g. Suppose i*j - 2 = -y - 4, -3*y - j + 22 = 0. What is the highest common factor of 64 and y?
8
Suppose -i = i - 30. Let a(o) = -o**2 - 5*o - 1. Let c be a(-4). Calculate the greatest common divisor of c and i.
3
Let m(g) = -4*g - 20. Let o be m(-13). What is the greatest common factor of o and 96?
32
Let j be (80/3)/((-34)/(-102)). What is the highest common factor of j and 5?
5
Let n = 15 - 22. Let z(d) = -2*d + 1. Let v(s) = 5*s - 2. Let f(b) = -3*v(b) - 7*z(b). Let m be f(n). Calculate the highest common factor of m and 30.
6
Let k(c) = c**2 + 8*c + 20. Let u be k(-7). Calculate the greatest common divisor of u and 13.
13
Let y(l) = -l - 4. Let k be y(-6). Suppose 2*i - k = 10. Calculate the greatest common factor of 42 and i.
6
Let h = 10 + -7. Suppose a - 3*a = -h*w + 200, -5*w = -a - 345. Suppose 0*s = s - w. Calculate the highest common divisor of s and 28.
14
Let b(l) = 4*l**2 - 2*l - 2. Let c be (-11)/(-4) - 1/(-4). Let z be b(c). Calculate the greatest common divisor of z and 42.
14
Let h(u) = -u**3 + 16*u**2 - 15*u + 4. Let n be h(15). Let t = 7 - -17. What is the highest common divisor of t and n?
4
Let r(j) = -j + 7. Let y be r(5). Let p be ((-1)/y)/((-1)/4). Suppose 2*l - 392 = -p*l. Calculate the highest common divisor of l and 14.
14
Suppose 0*x - 5*x = -4*b - 33, 21 = 5*x + 2*b. Let m be 3*x + (1 - 0). What is the highest common factor of 4 and m?
4
Suppose -37 = -4*x - 5*u, 2*u - 29 = -3*x - 3*u. Suppose -2*g - g = -273. Let v = -35 + g. Calculate the greatest common factor of v and x.
8
Suppose -2*b + 185 = -5*w, -2*b + b + 85 = -w. What is the highest common factor of 32 and b?
16
Suppose 4*s + 6 = 2*b - 72, -5*b + 168 = -s. Calculate the greatest common factor of b and 33.
33
Suppose o - 48 = -3*l, l + 9 = o + 21. Let j(u) = -u**2 - 11*u - 9. Let n be j(-8). Let p be 50/(-4)*(-144)/n. Calculate the highest common divisor of l and p.
15
Let c = 17 - 5. Suppose 3*x = -4*q - 18, -2 = 5*q - 4*x + 5. Let g be 2/q - (-152)/12. Calculate the highest common factor of g and c.
12
Let c(y) = 2*y + 2. Let n be c(3). Calculate the greatest common divisor of 8 and n.
8
Suppose -326 = -5*d + 4. What is the highest common divisor of 6 and d?
6
Suppose 2*g + 2*g - 120 = 0. Calculate the highest common factor of 75 and g.
15
Let w(m) = -31*m + 2. Let j be w(-3). Let x be j/3 + (-1)/(-3). Let i = 27 + 53. Calculate the highest common factor of i and x.
16
Suppose -4*a + 5 = -u - 12, 0 = 4*a - 2*u - 14. Suppose 0*n = -5*m - n + 17, 0 = 3*n + 9. Let b = -2 + m. What is the greatest common divisor of b and a?
1
Suppose -3*p = 1 + 2, 5*x = 4*p + 19. Let t(g) = -g + 1. Let q be t(x). Let l be 0 - (0 - (q + 65)). Calculate the greatest common factor of 42 and l.
21
Let s = 113 + -65. What is the greatest common divisor of 4 and s?
4
Suppose -63*m + 63 = -60*m. What is the greatest common divisor of m and 7?
7
Let x = -142 + 241. What is the greatest common divisor of 11 and x?
11
Let n(g) = -2*g + 6. Let k be n(-7). Let q be ((-44)/10)/((-4)/k). What is the greatest common divisor of 33 and q?
11
Suppose -3*f + 0*f = 0. Let r be 11*20*(-2 - -3). Suppose -3*g = 4*i - 0*i - r, 3*g - 3*i - 255 = f. Calculate the greatest common factor of 10 and g.
10
Suppose 2*l + 5*p - 27 = -0*l, 0 = 2*l - p - 9. Let z = 10 + -6. Suppose -z*h + 11 = -13. What is the highest common divisor of l and h?
6
Let u be ((-3)/4)/(9/(-504)). Calculate the highest common divisor of u and 6.
6
Suppose 4*l - 3*l = 183. Suppose -2*s + l = -81. What is the highest common divisor of 12 and s?
12
Let f = 64 - 58. Calculate the greatest common divisor of 3 and f.
3
Let q(g) = g**3 + 5*g**2 - 8*g - 2. Let h be q(-6). Suppose h = 3*a + 2*z, 0 = 2*a + a + z - 14. What is the greatest common divisor of 48 and a?
6
Suppose 0*d - 736 = -4*b - 4*d, -b + 5*d + 160 = 0. What is the highest common factor of 18 and b?
18
Let u = 41 - 32. Calculate the greatest common factor of 99 and u.
9
Let v(k) = 7*k**2 - 2*k - 8. Let p be v(-2). Calculate the highest common factor of 360 and p.
24
Let q(x) = -x**3 - 14*x**2 - 14*x - 5. Let a be q(-13). Calculate the highest common divisor of 72 and a.
8
Let t = 1 - -2. Let h = -1 + t. Suppose 1 + 5 = h*q. What is the highest common factor of q and 1?
1
Let q(j) = -9*j. Let p be q(-1). Suppose p + 3 = 4*m. What is the highest common factor of m and 27?
3
Suppose 0*d - 4*d + 8 = 0. Suppose -4*y + 14 = r - 6*r, -4*y - d*r + 28 = 0. Let i = -1 + y. What is the greatest common divisor of i and 15?
5
Let u be (169/3 - 1/3) + 4. Calculate the highest common divisor of u and 15.
15
Suppose -x + 2*c + 21 = 3*c, 3*x + c - 59 = 0. What is the greatest common factor of 38 and x?
19
Let w(q) = -q**2 + 9*q + 7. Let g be w(8). Calculate the greatest common factor of 15 and g.
15
Suppose -9 = -3*y + 51. Let q be (12/(-14))/((-3)/210). Calculate the greatest common divisor of q and y.
20
Let n = 4 + 1. Suppose -r - 5*p + 37 = -p, n*p + 28 = r. Calculate the greatest common divisor of 22 and r.
11
Let z(l) = -8*l. Let b be z(5). Let s = 60 + b. Suppose 10 = 2*u - 10. Calculate the highest common divisor of u and s.
10
Let p(o) be the third derivative of -o**6/120 - o**5/20 + o**4/6 + o**3 - 5*o**2. Let z be p(-5). Calculate the highest common divisor of z and 12.
12
Suppose 5*t - t - 128 = 0. Suppose 7*a - 3*a - t = 0. Calculate the highest common divisor of 20 and a.
4
Let y(p) = 4*p + 100. Let c be y(0). What is the highest common divisor of c and 40?
20
Let r = 40 - 21. Let f = -11 - -11. Suppose f = 4*g - 936 + 328. What is the highest common divisor of g and r?
19
Let h be (-2)/(-6) + (-304)/(-24). What is the highest common divisor of 39 and h?
13
Let d(k) = 3*k + 3 + 2*k - 6*k. Suppose -4 = w + 2. Let x be d(w). Calculate the highest common divisor of 9 and x.
9
Let m = 238 + -112. What is the highest common factor of m and 18?
18
Suppose -2*o + 56 = -5*h, -5*o - 5*h + 0*h + 105 = 0. Calculate the greatest common divisor of 23 and o.
23
Suppose -3*d + 57 = -0*d. Calculate the greatest common divisor of 76 and d.
19
Let b be (-1)/(-1) + -4 + 102. Suppose -69 = -9*r + 30. Calculate the greatest common divisor of r and b.
11
Let r be 56/(-10) + (-6)/15. Let d(x) = 6*x - 4. Let f be d(r). Let t = f - -66. Calculate the greatest common factor of t and 13.
13
Let p(q) = q**3 + 9*q**2 + 2*q. Let g be p(-6). Let m(d) = -d**3 + 23*d**2 - 23*d + 34. Let x be m(22). What is the highest common factor of g and x?
12
Suppose -l = 2*l + 6, 5*v - 3*l - 56 = 0. Let d(i) = -41*i - 2. Let w be d(-2). Calculate the greatest common divisor of w and v.
10
Suppose 0 = -h + 21 - 13. What is the highest common factor of 32 and h?
8
Suppose -2*u = -29 - 7. Let r(k) = -k**2 - k - 2. Let d be r(3). Let h be 44/7 - (-4)/d. Calculate the highest common divisor of u and h.
6
Let o = -2 - -6. Suppose w - 28 - 12 = -o*k, 0 = k - 4*w + 7. What is the highest common divisor of 9 and k?
9
Let o = -2 - -2. Let b(n) = n**2 - n + 5. Let p be b(o). Suppose 25 = 5*r + g, -6*r + p*g = -r + 5. Calculate the greatest common divisor of r and 8.
4
Let g(v) = v**3 + 6*v**2 + 5*v + 5. Let x be g(-5). Suppose 0*r - x*r + 180 = 0. What is the greatest common factor of 9 and r?
9
Suppose -5*s + q + 2*q = 